{"id":3169,"date":"2025-10-15T12:09:31","date_gmt":"2025-10-15T11:09:31","guid":{"rendered":"https:\/\/www.amal.lu\/?post_type=tribe_events&#038;p=3169"},"modified":"2025-10-15T12:11:10","modified_gmt":"2025-10-15T11:11:10","slug":"rallye-gillet-a-dinant","status":"publish","type":"tribe_events","link":"https:\/\/www.amal.lu\/de\/event\/rallye-gillet-a-dinant\/","title":{"rendered":"Rallye Gillet \u00e0 Dinant"},"content":{"rendered":"<p>Den 03. Mee 2026 f\u00ebnnt zu Dinant den Rallye Gillet statt. D\u00ebsen, iwer 100 Joer aalen Rallye just fir Motorrieder vun der Belscher Marque Gillet-Herstal as en 'incontournable' fir all Amateur vun der Marque.<\/p>\n<p>Weider Informatiounen kommen op d\u00ebser Plaaz nach no...<\/p>\n","protected":false},"excerpt":{"rendered":"<p>Den 03. Mee 2026 f\u00ebnnt zu Dinant den Rallye Gillet statt. D\u00ebsen, iwer 100 Joer aalen Rallye just fir Motorrieder vun der Belscher Marque Gillet-Herstal as en &#8216;incontournable&#8217; fir all Amateur vun der Marque. Weider Informatiounen kommen op d\u00ebser Plaaz nach no&#8230;<\/p>\n","protected":false},"author":1,"featured_media":3168,"template":"","meta":{"advanced_seo_description":"","jetpack_seo_html_title":"","jetpack_seo_noindex":false,"_tribe_events_status":"","_tribe_events_status_reason":"","footnotes":""},"tags":[68,67,215],"tribe_events_cat":[33],"class_list":["post-3169","tribe_events","type-tribe_events","status-publish","has-post-thumbnail","hentry","tag-dinant","tag-gillet-herstal","tag-rally-gillet","tribe_events_cat-evenementer","cat_evenementer"],"translation":{"provider":"WPGlobus","version":"3.0.1","language":"de","enabled_languages":["lu","fr","en","de"],"languages":{"lu":{"title":true,"content":true,"excerpt":false},"fr":{"title":false,"content":false,"excerpt":false},"en":{"title":false,"content":false,"excerpt":false},"de":{"title":false,"content":false,"excerpt":false}}},"jetpack_sharing_enabled":true,"_links":{"self":[{"href":"https:\/\/www.amal.lu\/de\/wp-json\/wp\/v2\/tribe_events\/3169","targetHints":{"allow":["GET"]}}],"collection":[{"href":"https:\/\/www.amal.lu\/de\/wp-json\/wp\/v2\/tribe_events"}],"about":[{"href":"https:\/\/www.amal.lu\/de\/wp-json\/wp\/v2\/types\/tribe_events"}],"author":[{"embeddable":true,"href":"https:\/\/www.amal.lu\/de\/wp-json\/wp\/v2\/users\/1"}],"version-history":[{"count":3,"href":"https:\/\/www.amal.lu\/de\/wp-json\/wp\/v2\/tribe_events\/3169\/revisions"}],"predecessor-version":[{"id":3173,"href":"https:\/\/www.amal.lu\/de\/wp-json\/wp\/v2\/tribe_events\/3169\/revisions\/3173"}],"wp:featuredmedia":[{"embeddable":true,"href":"https:\/\/www.amal.lu\/de\/wp-json\/wp\/v2\/media\/3168"}],"wp:attachment":[{"href":"https:\/\/www.amal.lu\/de\/wp-json\/wp\/v2\/media?parent=3169"}],"wp:term":[{"taxonomy":"post_tag","embeddable":true,"href":"https:\/\/www.amal.lu\/de\/wp-json\/wp\/v2\/tags?post=3169"},{"taxonomy":"tribe_events_cat","embeddable":true,"href":"https:\/\/www.amal.lu\/de\/wp-json\/wp\/v2\/tribe_events_cat?post=3169"}],"curies":[{"name":"wp","href":"https:\/\/api.w.org\/{rel}","templated":true}]}}

Rallye Gillet à Dinant

<p>Den 03. Mee 2026 fënnt zu Dinant den Rallye Gillet statt. Dësen, iwer 100 Joer aalen Rallye just fir Motorrieder vun der Belscher Marque Gillet-Herstal as en 'incontournable' fir all Amateur vun der Marque.</p>
<p>Weider Informatiounen kommen op dëser Plaaz nach no...</p>

<p>Den 03. Mee 2026 fënnt zu Dinant den Rallye Gillet statt. Dësen, iwer 100 Joer aalen Rallye just fir Motorrieder vun der Belscher Marque Gillet-Herstal as en &#8216;incontournable&#8217; fir all Amateur vun der Marque. Weider Informatiounen kommen op dëser Plaaz nach no&#8230;</p>
