{"id":3498,"date":"2026-02-25T14:50:15","date_gmt":"2026-02-25T13:50:15","guid":{"rendered":"https:\/\/www.amal.lu\/?post_type=tribe_events&#038;p=3498"},"modified":"2026-03-20T15:02:22","modified_gmt":"2026-03-20T14:02:22","slug":"staminet-vun-der-amal-2","status":"publish","type":"tribe_events","link":"https:\/\/www.amal.lu\/fr\/event\/staminet-vun-der-amal-2\/","title":{"rendered":"Staminet vun der AMAL"},"content":{"rendered":"<p>Eisen traditionellen Staminet. Ab 19h zu Beiwen un der Atert am B\u00e9iwener Eck.<\/p>\n<p>Well den Staminet op Karfreideg f\u00e4llt bidd eist Stammlokal, den Beiwener Eck, och gebaakene F\u00ebsch un.<\/p>\n<p>Wien esoueen iessen w\u00ebll (ganzen F\u00ebsch oder Filet), muss den bis Freides, den 27. Maerz op info@amal.lu oder um 621 323 202 reserv\u00e9ieren.<\/p>\n","protected":false},"excerpt":{"rendered":"<p>Eisen traditionellen Staminet. Ab 19h zu Beiwen un der Atert am B\u00e9iwener Eck. Well den Staminet op Karfreideg f\u00e4llt bidd eist Stammlokal, den Beiwener Eck, och gebaakene F\u00ebsch un. Wien esoueen iessen w\u00ebll (ganzen F\u00ebsch oder Filet), muss den bis Freides, den 27. Maerz op info@amal.lu oder um 621 323 202 reserv\u00e9ieren.<\/p>\n","protected":false},"author":1,"featured_media":3493,"template":"","meta":{"advanced_seo_description":"","jetpack_seo_html_title":"","jetpack_seo_noindex":false,"_tribe_events_status":"","_tribe_events_status_reason":"","footnotes":""},"tags":[],"tribe_events_cat":[33],"class_list":["post-3498","tribe_events","type-tribe_events","status-publish","has-post-thumbnail","hentry","tribe_events_cat-evenementer","cat_evenementer"],"translation":{"provider":"WPGlobus","version":"3.0.1","language":"fr","enabled_languages":["lu","fr","en","de"],"languages":{"lu":{"title":true,"content":true,"excerpt":false},"fr":{"title":false,"content":false,"excerpt":false},"en":{"title":false,"content":false,"excerpt":false},"de":{"title":false,"content":false,"excerpt":false}}},"jetpack_sharing_enabled":true,"_links":{"self":[{"href":"https:\/\/www.amal.lu\/fr\/wp-json\/wp\/v2\/tribe_events\/3498","targetHints":{"allow":["GET"]}}],"collection":[{"href":"https:\/\/www.amal.lu\/fr\/wp-json\/wp\/v2\/tribe_events"}],"about":[{"href":"https:\/\/www.amal.lu\/fr\/wp-json\/wp\/v2\/types\/tribe_events"}],"author":[{"embeddable":true,"href":"https:\/\/www.amal.lu\/fr\/wp-json\/wp\/v2\/users\/1"}],"version-history":[{"count":3,"href":"https:\/\/www.amal.lu\/fr\/wp-json\/wp\/v2\/tribe_events\/3498\/revisions"}],"predecessor-version":[{"id":3547,"href":"https:\/\/www.amal.lu\/fr\/wp-json\/wp\/v2\/tribe_events\/3498\/revisions\/3547"}],"wp:featuredmedia":[{"embeddable":true,"href":"https:\/\/www.amal.lu\/fr\/wp-json\/wp\/v2\/media\/3493"}],"wp:attachment":[{"href":"https:\/\/www.amal.lu\/fr\/wp-json\/wp\/v2\/media?parent=3498"}],"wp:term":[{"taxonomy":"post_tag","embeddable":true,"href":"https:\/\/www.amal.lu\/fr\/wp-json\/wp\/v2\/tags?post=3498"},{"taxonomy":"tribe_events_cat","embeddable":true,"href":"https:\/\/www.amal.lu\/fr\/wp-json\/wp\/v2\/tribe_events_cat?post=3498"}],"curies":[{"name":"wp","href":"https:\/\/api.w.org\/{rel}","templated":true}]}}

<p>Eisen traditionellen Staminet. Ab 19h zu Beiwen un der Atert am Béiwener Eck.</p>
<p>Well den Staminet op Karfreideg fällt bidd eist Stammlokal, den Beiwener Eck, och gebaakene Fësch un.</p>
<p>Wien esoueen iessen wëll (ganzen Fësch oder Filet), muss den bis Freides, den 27. Maerz op info@amal.lu oder um 621 323 202 reservéieren.</p>

<p>Eisen traditionellen Staminet. Ab 19h zu Beiwen un der Atert am Béiwener Eck. Well den Staminet op Karfreideg fällt bidd eist Stammlokal, den Beiwener Eck, och gebaakene Fësch un. Wien esoueen iessen wëll (ganzen Fësch oder Filet), muss den bis Freides, den 27. Maerz op info@amal.lu oder um 621 323 202 reservéieren.</p>
